e hundred thousands digit of 4479198?
4
What is the thousands digit of 311080?
1
What is the units digit of 758396?
6
What is the thousands digit of 3102030?
2
What is the millions digit of 1732184?
1
What is the ten thousands digit of 238609?
3
What is the hundreds digit of 2752898?
8
What is the ten thousands digit of 18058?
1
What is the units digit of 1229439?
9
What is the ten thousands digit of 222342?
2
What is the hundred thousands digit of 1655063?
6
What is the units digit of 353210?
0
What is the hundreds digit of 15816104?
1
What is the thousands digit of 44590?
4
What is the thousands digit of 4447094?
7
What is the tens digit of 16011485?
8
What is the tens digit of 18000681?
8
What is the hundreds digit of 11626056?
0
What is the thousands digit of 234372?
4
What is the ten thousands digit of 90164?
9
What is the ten thousands digit of 88089?
8
What is the units digit of 321610?
0
What is the millions digit of 14619256?
4
What is the millions digit of 4925346?
4
What is the hundreds digit of 2865337?
3
What is the hundred thousands digit of 351113?
3
What is the hundreds digit of 4929994?
9
What is the hundred thousands digit of 5442045?
4
What is the units digit of 240258?
8
What is the millions digit of 1759922?
1
What is the units digit of 855896?
6
What is the units digit of 110629?
9
What is the units digit of 27015?
5
What is the units digit of 1845797?
7
What is the units digit of 5589610?
0
What is the thousands digit of 1949495?
9
What is the hundreds digit of 78704?
7
What is the hundred thousands digit of 816787?
8
What is the hundreds digit of 2229705?
7
What is the hundred thousands digit of 36755311?
7
What is the hundreds digit of 586271?
2
What is the ten thousands digit of 637647?
3
What is the tens digit of 26071515?
1
What is the tens digit of 9124923?
2
What is the thousands digit of 5444030?
4
What is the tens digit of 4885543?
4
What is the units digit of 1307314?
4
What is the hundred thousands digit of 172784?
1
What is the units digit of 10161082?
2
What is the millions digit of 2803422?
2
What is the units digit of 29552?
2
What is the units digit of 829991?
1
What is the ten thousands digit of 4985827?
8
What is the hundreds digit of 2137706?
7
What is the ten thousands digit of 16520554?
2
What is the tens digit of 111009?
0
What is the units digit of 64654?
4
What is the units digit of 17153926?
6
What is the hundred thousands digit of 2821975?
8
What is the tens digit of 7894275?
7
What is the ten thousands digit of 22607?
2
What is the tens digit of 253576?
7
What is the units digit of 1675592?
2
What is the ten thousands digit of 121813?
2
What is the units digit of 229261?
1
What is the hundreds digit of 730720?
7
What is the ten thousands digit of 1121559?
2
What is the hundreds digit of 10802219?
2
What is the units digit of 299322?
2
What is the hundred thousands digit of 393584?
3
What is the tens digit of 7505962?
6
What is the ten thousands digit of 122603?
2
What is the thousands digit of 1017?
1
What is the units digit of 6859746?
6
What is the hundreds digit of 30459119?
1
What is the millions digit of 10001706?
0
What is the units digit of 34463496?
6
What is the thousands digit of 320719?
0
What is the thousands digit of 696001?
6
What is the thousands digit of 6709113?
9
What is the ten thousands digit of 24239055?
3
What is the hundred thousands digit of 225030?
2
What is the thousands digit of 3457724?
7
What is the millions digit of 1487947?
1
What is the tens digit of 146993?
9
What is the thousands digit of 671583?
1
What is the tens digit of 312036?
3
What is the hundred thousands digit of 3457697?
4
What is the tens digit of 4765962?
6
What is the ten thousands digit of 907777?
0
What is the tens digit of 11211434?
3
What is the hundred thousands digit of 11009398?
0
What is the hundred thousands digit of 165353?
1
What is the hundred thousands digit of 11408017?
4
What is the hundred thousands digit of 935919?
9
What is the tens digit of 151847?
4
What is the ten thousands digit of 331205?
3
What is the hundreds digit of 1166837?
8
What is the hundred thousands digit of 7017410?
0
What is the units digit of 43308?
8
What is the hundreds digit of 564411?
4
What is the ten thousands digit of 9491970?
9
What is the units digit of 19879509?
9
What is the units digit of 3430405?
5
What is the ten thousands digit of 248005?
4
What is the tens digit of 383931?
3
What is the units digit of 3821339?
9
What is the ten thousands digit of 7158195?
5
What is the hundreds digit of 257921?
9
What is the hundreds digit of 172632?
6
What is the ten thousands digit of 18152843?
5
What is the units digit of 6450453?
3
What is the ten thousands digit of 17110635?
1
What is the thousands digit of 7979677?
9
What is the ten millions digit of 30774327?
3
What is the thousands digit of 298746?
8
What is the hundred thousands digit of 3078010?
0
What is the hundred thousands digit of 26047895?
0
What is the tens digit of 835154?
5
What is the ten thousands digit of 250871?
5
What is the hundreds digit of 21856094?
0
What is the units digit of 4868275?
5
What is the units digit of 2241721?
1
What is the ten thousands digit of 12425348?
2
What is the millions digit of 2093713?
2
What is the hundreds digit of 340270?
2
What is the hundreds digit of 132364?
3
What is the millions digit of 27259836?
7
What is the units digit of 256255?
5
What is the ten thousands digit of 10508332?
0
What is the hundred thousands digit of 14465325?
4
What is the hundred thousands digit of 3631467?
6
What is the hundred thousands digit of 258835?
2
What is the ten thousands digit of 14378610?
7
What is the millions digit of 2628450?
2
What is the ten thousands digit of 1032678?
3
What is the ten thousands digit of 125809?
2
What is the ten thousands digit of 1543396?
4
What is the tens digit of 450496?
9
What is the thousands digit of 24369156?
9
What is the ten thousands digit of 40502?
4
What is the thousands digit of 16534098?
4
What is the units digit of 4715394?
4
What is the hundred thousands digit of 618856?
6
What is the units digit of 1912246?
6
What is the hundred thousands digit of 2379406?
3
What is the hundred thousands digit of 165117?
1
What is the millions digit of 1386318?
1
What is the units digit of 4845653?
3
What is the ten thousands digit of 265625?
6
What is the tens digit of 3898711?
1
What is the thousands digit of 282916?
2
What is the thousands digit of 301615?
1
What is the units digit of 18790846?
6
What is the ten thousands digit of 15845182?
4
What is the millions digit of 2369542?
2
What is the millions digit of 12495141?
2
What is the hundred thousands digit of 803651?
8
What is the hundred thousands digit of 4620433?
6
What is the hundreds digit of 2770939?
9
What is the ten thousands digit of 15017757?
1
What is the ten thousands digit of 832579?
3
What is the tens digit of 366134?
3
What is the hundreds digit of 606460?
4
What is the millions digit of 5226645?
5
What is the thousands digit of 4115116?
5
What is the hundreds digit of 518643?
6
What is the hundred thousands digit of 134826?
1
What is the thousands digit of 209660?
9
What is the millions digit of 26091251?
6
What is the ten thousands digit of 2173572?
7
What is the hundred thousands digit of 4655620?
6
What is the ten thousands digit of 1552647?
5
What is the thousands digit of 127588?
7
What is the tens digit of 2070651?
5
What is the ten thousands digit of 18691048?
9
What is the hundreds digit of 71390?
3
What is the millions digit of 5502025?
5
What is the tens digit of 4504341?
4
What is the millions digit of 3164394?
3
What is the thousands digit of 13105290?
5
What is the tens digit of 8485451?
5
What is the hundreds digit of 33338?
3
What is the hundred thousands digit of 23083145?
0
What is the hundred thousands digit of 10611554?
6
What is the tens digit of 3261?
6
What is the thousands digit of 1929653?
9
What is the ten thousands digit of 807089?
0
What is the hundreds digit of 1859924?
9
What is the hundreds digit of 17474?
4
What is the ten thousands digit of 5522475?
2
What is the hundreds digit of 666560?
5
What is the hundreds digit of 4547329?
3
What is the units digit of 604954?
4
What is the tens dig